(g) = -g**3 + 16*g**2 + 18*g - 25. Let n be l(17). List the prime factors of i/n*6 + 144.
3, 47
Let x be 5*(7/(-5) + -1). What are the prime factors of x/30 + (-2804)/(-10)?
2, 5, 7
Suppose 0 = o - a + 30, -3*o - 48 = -o + a. Let r = 26 + o. Suppose 2*h + 3*h + 25 = r, 151 = 2*z - h. List the prime factors of z.
73
Suppose 233115 - 408600 - 338424 = -33*a. List the prime factors of a.
3, 29, 179
Suppose 1333560 + 432018 = 36*l + 22*l. List the prime factors of l.
3, 73, 139
Let t(h) = -5 - 1 - 19*h - 9 + 21*h - 2*h**2. Let o be t(4). Let a = o + 125. List the prime factors of a.
2, 43
What are the prime factors of ((-64)/5)/(((-9)/(-3570))/(222/(-148)))?
2, 7, 17
Suppose -4*b = 5*z - 11498, 8623 = 3*b - 0*z + 4*z. Suppose 0 = -12*u + 3783 + b. List the prime factors of u.
3, 5, 37
What are the prime factors of 9/(63/(-203))*(-245 - -6)?
29, 239
Let s = 28581 + -2196. What are the prime factors of s?
3, 5, 1759
Let h be (-146)/12 + 6 + 70/(-12). Let s(b) = 4*b**2 + 15*b + 22. List the prime factors of s(h).
2, 11, 19
Suppose 3*g = 2*d + 2833 + 1492, 2*g = d + 2162. Let l = -525 - d. What are the prime factors of 4/(-14) - l/(-77)?
3, 7
Let c = -4343 - -7447. List the prime factors of c.
2, 97
Let q(c) be the first derivative of 13*c**3/3 - 14*c**2 - 8*c - 256. What are the prime factors of q(-5)?
457
Suppose 4*h - 8*h = -4*r - 8, 3*h + r - 10 = 0. Let p be (-3 - 2)/(7/(-7)) - h. Suppose 5*u + 205 = m, -p = -u - u. What are the prime factors of m?
2, 3, 5, 7
Suppose q - 4*q + 6*q = 0. Suppose 5*t + 4*u - 21 = 8*t, q = 4*t + 5*u - 3. What are the prime factors of ((-268)/3)/(2/t)?
2, 67
Let f be (-1 - (-3)/2) + 161/46. Suppose -f*s - 3*o + 363 - 1212 = 0, 3*s = 5*o - 673. What are the prime factors of 0 + (-8)/28 + s/(-21)?
2, 5
Suppose -31 = -47*q + 157. Suppose -3*p = 0, 3*m + q*p - 222 = m. List the prime factors of m.
3, 37
Suppose -377 = -13*c - 0. What are the prime factors of c?
29
Suppose -w - 6*y = -2*y - 8361, -w + 3*y + 8382 = 0. Suppose -6*c - 1581 = -w. List the prime factors of c/14 - 18/(-126).
3
Let x = 20285 - 13607. List the prime factors of x.
2, 3, 7, 53
Let n = -9355 + 19341. What are the prime factors of n?
2, 4993
Let s be 2 - ((0 - 8) + 11086). What are the prime factors of (2/(-8))/(3/s)?
13, 71
List the prime factors of 2/(-4) + 1547083/226.
5, 37
Suppose -4*s - 172 = 2*f, s + 4*s = 4*f + 292. Let x = 60 + f. Let p = x - -23. List the prime factors of p.
5
Let g be (32/24)/(16/45204). Let m = g + -2685. What are the prime factors of m?
2, 541
Let p(h) = -6*h**2 + 9*h + 10. Let q be p(8). Let m = 861 + q. What are the prime factors of m?
13, 43
Let k = 146 - 142. Suppose -4*v = -k*f - 1776, v - 5*f + 1731 = 5*v. List the prime factors of v.
439
What are the prime factors of 440/70*((-40376)/(-16) + -7)?
2, 11, 719
Suppose -28*r = -38*r + 230. Suppose -r*q + 6319 - 1144 = 0. What are the prime factors of q?
3, 5
Let q = -17689 - -30738. What are the prime factors of q?
13049
Suppose 117*a + 113138 - 38562 - 738551 = 0. What are the prime factors of a?
5, 227
Let s = -620 + -99. Let p = -688 - s. List the prime factors of p.
31
Let l = -622 - -662. Suppose 10997 + 9763 = l*b. What are the prime factors of b?
3, 173
Let p(t) = 2412*t**3 - 65*t**2 + 203*t - 7. What are the prime factors of p(3)?
65141
Suppose 3*h = -3*f - 6, 6*h + 3*f = 2*h - 3. Suppose 3*l - 27 = -r - 2*r, h*r + 57 = 4*l. Suppose 5*a = 5, -u - l = -a - 73. What are the prime factors of u?
2, 31
Let b be (26 + 0/1)/((-4)/12). Suppose -2*a + 3*a = 137. Let r = b + a. What are the prime factors of r?
59
Suppose -85*v + 18 = -88*v. What are the prime factors of (-7 - -8*(-3)/v) + 188?
5, 37
Let t(o) be the second derivative of o**4/3 - 29*o**3/6 - 9*o**2/2 - 2*o. Suppose 10*x = -144 + 244. What are the prime factors of t(x)?
101
Let u = 45 - 45. Suppose u*k = 3*o + k - 2677, -4475 = -5*o + k. Suppose 12*l - o = 6*l. List the prime factors of l.
149
Suppose 3012*w = 3051*w - 392691. List the prime factors of w.
10069
Let u = 18 + -11. Suppose -u*n - 7 = -35. Let o(k) = 18*k + 23. List the prime factors of o(n).
5, 19
Suppose 51*m = 385*m - 6189688. What are the prime factors of m?
2, 41, 113
Suppose 36*q - 6611 = -3*n + 32*q, -5*n = 5*q - 11015. List the prime factors of n.
31, 71
Suppose q + 201 = 1. Suppose -1438 = 16*k + 466. Let j = k - q. List the prime factors of j.
3
Let w = -2824 + 5650. List the prime factors of w.
2, 3, 157
Let c(f) = -2*f**3 + 57*f**2 + 40*f + 32. Let b be c(29). Let u = 689 - b. What are the prime factors of u?
2, 13
Let z = -35 + 39. Suppose -4*t + 5*h + 204 = 0, 2*h - 16 = -z*t + 216. What are the prime factors of t?
2, 7
Let z(s) = s**3 - 13*s**2 - 14*s - 83. Suppose 5*b + 6*w - 3*w = 68, -2*w = -2*b + 40. List the prime factors of z(b).
461
What are the prime factors of -11 - -15 - (-6751 + (-6)/(-6))?
2, 11, 307
Suppose -4*p - 13 = 31. Let v be (0 - 0) + 19 + p. What are the prime factors of 1378/v + (-10)/40?
2, 43
Suppose 3*h + 3*n = 158262, -3*n + 29827 = 2*h - 75678. List the prime factors of h.
52757
Let j be -2*((-4)/8 + -1)*1. Suppose -698 = -j*m + 5*p, 3*m + p - 240 = 434. What are the prime factors of m?
2, 113
Let w(b) be the first derivative of -b**4/2 - b**3/3 + 42. Let a be w(-1). List the prime factors of (-29 - 6)/(1/((-1)/a)).
5, 7
Let z(g) = 152*g**2 + 27*g + 337. What are the prime factors of z(-8)?
3, 7, 67
Let f be 3 - (14/6)/7*-3. Suppose 4*d - 10*o = -7*o + 5920, -f*d + 5920 = 2*o. List the prime factors of d.
2, 5, 37
Suppose 2*g - 3*p - 29 = 11596, p = -2*g + 11637. List the prime factors of g.
3, 7, 277
Suppose 0 = -271*w + 269*w - 2. What are the prime factors of (-5 - (-1 - (-558 + w)))*-1?
563
Let f(r) = -14*r**2 - 496*r + 45. What are the prime factors of f(-33)?
3, 389
Suppose -5*t = 4*g + 8, g + 5*t + 6 = -2*g. Let p be g/(-9) + (-8025)/27. Let k = -53 - p. What are the prime factors of k?
2, 61
Let w(x) = 14*x**3 - 5*x**2 + 3*x + 4. Let f be (20/(-8))/(4 - 63/12). List the prime factors of w(f).
2, 3, 17
Let t = 9739 + -6451. Let h = t - 1514. List the prime factors of h.
2, 887
Let j(r) = r**2 + 10*r - 31. Let f be j(-13). Suppose -f*q + 11 = -21. Suppose -p + i + i + 78 = 0, -q*p = -i - 291. What are the prime factors of p?
2, 3
What are the prime factors of -1289*6/(-4 - 6/(-3))?
3, 1289
Let u(n) = -n**3 - 4*n**2 + 5*n. Let c be u(-5). Suppose 5*w - 4*i = 55, -57 + 14 = -4*w + 3*i. Suppose c = s - 0*s - w. List the prime factors of s.
7
List the prime factors of (159 - 157)*((-69284)/(-8) - (3 - 1)).
17317
Let g(z) = -z**3 + 5*z**2 - 5*z + 14. Let k be (-3)/(-2)*(-3 - 34/(-6)). List the prime factors of g(k).
2, 5
Let g = -406 - -748. Suppose 5*u + 0*u + 1725 = 5*y, y - 2*u = g. What are the prime factors of y?
2, 3, 29
Suppose 2*v - 4*q - 272 = 0, 3*v + q + 52 - 495 = 0. Let b = -182 - -182. Suppose -5*s + v + 199 = b. List the prime factors of s.
3, 23
Suppose -q - 15 = -60. Suppose 58*r = q*r + 5512. What are the prime factors of r?
2, 53
Let u = -439 - -452. Suppose u*w - 6678 = 4*w. List the prime factors of w.
2, 7, 53
What are the prime factors of 0 - 9 - (68 + -6415)?
2, 3169
Suppose -17 = 4*j - 45. List the prime factors of (1072/(-10))/(j/(-70)).
2, 67
Suppose -79 = 5*x - 4*c, 2*x + 9 + 23 = 2*c. Let s be ((-72)/x)/((-5)/(-25)). Suppose -9*w + s = -5*w. List the prime factors of w.
2, 3
List the prime factors of (583747/37 - 0) + (-74)/(-1369).
3, 1753
Suppose 0 = 87*h - 230*h + 81*h + 1878228. What are the prime factors of h?
2, 3, 11, 17
Let d = -31629 - -55459. List the prime factors of d.
2, 5, 2383
Let d(q) = -4*q + 5. Suppose -3*v - 2*v - 4*c = 30, 4*v + c + 13 = 0. List the prime factors of d(v).
13
What are the prime factors of ((-53)/((-3816)/325674))/((-5)/8 - -1)?
2, 37, 163
Suppose -1271*l + 2 = -1272*l. List the prime factors of (0 + l)/((-12)/6846).
7, 163
Suppose 113*i = 232*i - 337841. What are the prime factors of i?
17, 167
Suppose 18*j + 24 = 10*j. List the prime factors of 5352/72 + 4/j.
73
Let l(t) = 4946*t - 4705. List the prime factors of l(11).
3, 16567
Suppose 0 = 5*u + 5, 5*x - 3421 - 3465 = u. Suppose -2*a + 153 = x. What are the prime factors of 6/21 - a/63?
2, 5
What are the prime factors of (6/5 - 5359760/1050)*(-36)/10?
2, 3, 1531
List the prime fact